t is 2340 + 4043?
11433
In base 16, what is -d3ddf - -4?
-d3ddb
In base 8, what is 10 - -23007?
23017
In base 12, what is 4 - 15683?
-1567b
In base 8, what is 4101 + 32?
4133
In base 7, what is -255463 - 3?
-255466
In base 8, what is -144763 - 5?
-144770
In base 10, what is -1 - -79423?
79422
In base 9, what is -7 + -63877?
-63885
In base 10, what is 4269 - -4?
4273
In base 4, what is 11 + -12201203?
-12201132
In base 13, what is 9514 + 1?
9515
In base 4, what is 10 - -10022101?
10022111
In base 6, what is -1342 + -5225?
-11011
In base 4, what is -21322303 - 233?
-21323202
In base 9, what is 5 + 686373?
686378
In base 16, what is 2447 + -c?
243b
In base 5, what is -4 - 234213?
-234222
In base 16, what is -2 + -115ed?
-115ef
In base 6, what is -13425300 - 0?
-13425300
In base 8, what is 14 - -770?
1004
In base 15, what is -24c + c4?
-178
In base 2, what is 10 - -110011011100100110000?
110011011100100110010
In base 9, what is -11617 - 56?
-11674
In base 5, what is -11334442 - 4?
-11340001
In base 13, what is -35 - 95a6?
-960b
In base 10, what is 14 - -2047?
2061
In base 11, what is 45478 + 2?
4547a
In base 2, what is -10000 - 1011000000?
-1011010000
In base 5, what is 124111 + -330?
123231
In base 12, what is -4 + -52248?
-52250
In base 16, what is -9f08 - 1?
-9f09
In base 2, what is 100 - 101011001111101?
-101011001111001
In base 5, what is -113201 - -4003?
-104143
In base 15, what is -19c + 9d?
-ee
In base 15, what is 0 - -888?
888
In base 4, what is 121113230 + 20?
121113310
In base 9, what is 227575 + 1?
227576
In base 12, what is -794a57 - 5?
-794a60
In base 9, what is 174134 - -1?
174135
In base 15, what is 5 + -1a94?
-1a8e
In base 6, what is -311 - 25010?
-25321
In base 5, what is -12 - 21300?
-21312
In base 8, what is 2 + 3707376?
3707400
In base 12, what is 48 - 4744?
-46b8
In base 11, what is -4 - -61074?
61070
In base 6, what is 41 + 14454?
14535
In base 8, what is -43 + -2302?
-2345
In base 7, what is -155 - 3103?
-3261
In base 13, what is 13 + 5a60?
5a73
In base 15, what is -3b + -adc6?
-ae12
In base 12, what is 17 - 6004?
-5ba9
In base 7, what is -4133 + -2506?
-6642
In base 5, what is 241 - -120?
411
In base 3, what is -1122010112022 - -2?
-1122010112020
In base 7, what is -155051 + -1?
-155052
In base 6, what is 500535431 + 0?
500535431
In base 6, what is -20 + 102331?
102311
In base 16, what is 27b - -3d?
2b8
In base 12, what is 22 - 271b?
-26b9
In base 3, what is -12 - 101101122122?
-101101122211
In base 2, what is 110001001 + -101000101111?
-100010100110
In base 10, what is -4 - 62742?
-62746
In base 4, what is 12002 + 2320?
20322
In base 9, what is 410 + 66?
476
In base 3, what is 2021 - -100211?
110002
In base 6, what is 324 - 553233?
-552505
In base 13, what is 6b43a - -1?
6b43b
In base 15, what is 5 + -351bc?
-351b7
In base 7, what is 3 - 423551?
-423545
In base 9, what is -18250637 + -4?
-18250642
In base 14, what is 19 - -a09?
a24
In base 9, what is -776 - -100?
-676
In base 12, what is 31688 - -6?
31692
In base 4, what is -11 - 2130203?
-2130220
In base 8, what is 3175 + -32?
3143
In base 10, what is 1 + -123?
-122
In base 7, what is -520 - 1132?
-1652
In base 10, what is -13721 - -3?
-13718
In base 11, what is -7 + 13315?
13309
In base 5, what is -43 - -23033?
22440
In base 7, what is -153165 - -12?
-153153
In base 9, what is -3 + -2312566?
-2312570
In base 2, what is -100010101010 - 11?
-100010101101
In base 8, what is -24744 - -22?
-24722
In base 3, what is -11 - 2001111010?
-2001111021
In base 2, what is -100000000110 + -110011?
-100000111001
In base 11, what is -65 + -35?
-9a
In base 2, what is 10101011011011000110 + -11?
10101011011011000011
In base 11, what is -5 - -20242?
20238
In base 12, what is -b4 + 862?
76a
In base 9, what is 134156 - 36?
134120
In base 3, what is 120220011 - 11?
120220000
In base 15, what is 1d + 77d5?
7803
In base 16, what is c1a - 3?
c17
In base 7, what is -122 + 50?
-42
In base 11, what is -217742 - 4?
-217746
In base 10, what is 11 - -99539?
99550
In base 4, what is 3 - -3031000?
3031003
In base 3, what is -122200201 + -20?
-122200221
In base 13, what is -1782 - -4c?
-1733
In base 15, what is -17ab - 1d?
-17c9
In base 6, what is 5 - -433514?
433523
In base 4, what is -32 - 13113?
-13211
In base 15, what is -d6a - 119?
-e84
In base 4, what is 13021 + 103001?
122022
In base 8, what is -5 + -103443?
-103450
In base 15, what is 0 + 2d7e?
2d7e
In base 8, what is -10 + -15700?
-15710
In base 7, what is 5 + 4454?
4462
In base 14, what is 4 + -11338?
-11334
In base 4, what is 12033211 - 10?
12033201
In base 2, what is 100010101100100 - -100?
100010101101000
In base 9, what is 21134 + -2?
21132
In base 4, what is 1233 + -210031?
-202132
In base 15, what is -a - 1316?
-1321
In base 2, what is 100 - 11100001011?
-11100000111
In base 14, what is -1292 - 11d?
-13b1
In base 12, what is -9b - 1237?
-1316
In base 14, what is -a363 + -2?
-a365
In base 4, what is 131300233 + 11?
131300310
In base 11, what is 41732 - 4?
41729
In base 7, what is -264 - 2355?
-2652
In base 2, what is -1011100000100 - 1100?
-1011100010000
In base 10, what is 203476 + -2?
203474
In base 6, what is 5231 + 5?
5240
In base 15, what is 18b76 + -4?
18b72
In base 15, what is -39 + -4b3?
-4ec
In base 6, what is -334242 + 0?
-334242
In base 2, what is 1 - 1010111011110110101?
-1010111011110110100
In base 2, what is -101101110000000100000 + 1?
-101101110000000011111
In base 16, what is -5 + -365b?
-3660
In base 7, what is -1343 - 43?
-1416
In base 8, what is -76154 - 2?
-76156
In base 14, what is -43148 + 3?
-43145
In base 11, what is 65 - -132?
197
In base 11, what is -1609 + -64?
-1672
In base 8, what is -146 - -12035?
11667
In base 11, what is 5340 - -1?
5341
In base 16, what is -102 - 7d?
-17f
In base 8, what is -2064 + 1041?
-1023
In base 3, what is -11101212200 + -20?
-11101212220
In base 5, what is 4142313 - -32?
4142400
In base 14, what is 1430b - 10d?
141dc
In base 11, what is -8527 + -25?
-8551
In base 11, what is -244a9 - 0?
-244a9
In base 12, what is 1b - 2204?
-21a5
In base 13, what is 433 + 2a?
460
In base 10, what is -719 + 19?
-700
In base 10, what is 322618 - 3?
322615
In base 12, what is -154621 - -2?
-15461b
In base 16, what is -1ff + -5?
-204
In base 3, what is 222 - -21120020?
21121012
In base 7, what is -1 - -2442161?
2442160
In base 2, what is 10001101000010101000 - -100?
10001101000010101100
In base 15, what is 38ecd + -5?
38ec8
In base 6, what is -5 + -25424?
-25433
In base 6, what is 1 - 2424551?
-2424550
In base 15, what is 5 - 1d13?
-1d0d
In base 10, what is -4 + -214820?
-214824
In base 7, what is 61 + -314?
-223
In base 14, what is -33a07 + -5?
-33a0c
In base 8, what is -270 + 174?
-74
In base 6, what is 2040231 + -1?
2040230
In base 6, what is 21352 - 40?
21312
In base 10, what is 5 - -1389069?
1389074
In base 12, what is -60 + a8b?
a2b
In base 2, what is -11001000 + 101101110001?
101010101001
In base 8, what is 5 + -26331?
-26324
In base 3, what is 12 - 2220022202?
-2220022120
In base 16, what is -874 - -8?
-86c
In base 8, what is -2 + 201406?
201404
In base 16, what is 12 + 5bf?
5d1
In base 8, what is 0 - -146110?
146110
In base 10, what is -19870 + -15?
-19885
In base 16, what is -5 + 72c78?
72c73
In base 2, what is -100 - -11001110011100?
11001110011000
In base 3, what is 100202 + 1120000121?
1120101100
In base 11, what is 24 + 238a5?
23919
In base 4, what is -12210 + 3111?
-3033
In base 2, what is 0 + 1101001110000001?
1101001110000001
In base 6, what is -1124011 - -3?
-1124004
In base 5, what is -2 - 44013344?
-44013401
In base 2, what is -10 - -1011000011110?
1011000011100
In base 14, what is -1061 + -42c?
-148d
In base 10, what is 84 - -4050?
4134
In base 4, what is -103203222 - -1?
-103203221
In base 9, what is -1 - -522808?
522807
In base 8, what is -166335 + 1?
-166334
In base 11, what is 5918 - -83?
59a0
In base 11, what is -5335a + -25?
-53384
In base 12, what is 89a - -98?
976
In base 9, what is -138388 - -10?
-138378
In base 2, what is 100010100110101 + -111?
100010100101110
In base 2, what is -10000 - -111001100011?
111001010011
In base 12, what is 149 + 10ba?
1247
In base 12, what is -81 - -603?
542
In base 2, what is -1100000101111 + -1001000?
-1100001110111
In base 12, what is 44